t common divisor of 143 and 689?
13
Calculate the highest common factor of 176 and 80.
16
What is the highest common divisor of 2485 and 70?
35
Calculate the highest common factor of 327 and 3.
3
What is the highest common factor of 648 and 2052?
108
Calculate the greatest common divisor of 155 and 248.
31
What is the highest common factor of 375 and 6?
3
What is the greatest common divisor of 24 and 8940?
12
What is the greatest common factor of 16 and 344?
8
Calculate the highest common factor of 11 and 121.
11
Calculate the highest common divisor of 2736 and 3.
3
Calculate the highest common factor of 39 and 4537.
13
What is the greatest common factor of 44 and 15796?
44
Calculate the greatest common factor of 560 and 80.
80
Calculate the greatest common divisor of 29 and 638.
29
Calculate the highest common factor of 486 and 36.
18
Calculate the highest common divisor of 69 and 24.
3
Calculate the greatest common divisor of 20 and 12820.
20
Calculate the highest common divisor of 1377 and 187.
17
Calculate the highest common divisor of 1455 and 30.
15
What is the greatest common divisor of 216 and 48?
24
Calculate the highest common divisor of 106 and 69748.
106
Calculate the greatest common factor of 330 and 285.
15
Calculate the greatest common factor of 9 and 18531.
9
Calculate the highest common divisor of 285 and 75.
15
Calculate the greatest common factor of 45 and 855.
45
What is the greatest common divisor of 110 and 5?
5
Calculate the highest common factor of 3085 and 5.
5
Calculate the highest common divisor of 516 and 60.
12
Calculate the highest common factor of 1260 and 765.
45
Calculate the greatest common factor of 559 and 26.
13
What is the highest common factor of 15 and 35?
5
What is the greatest common divisor of 44 and 242?
22
What is the greatest common divisor of 6223 and 7?
7
What is the greatest common factor of 270 and 80?
10
What is the highest common factor of 512 and 1792?
256
Calculate the highest common factor of 1900 and 60.
20
Calculate the greatest common factor of 105 and 30.
15
Calculate the greatest common divisor of 21 and 469.
7
Calculate the greatest common factor of 100 and 860.
20
Calculate the greatest common divisor of 180 and 260.
20
Calculate the highest common divisor of 1377 and 34.
17
What is the greatest common divisor of 113 and 339?
113
What is the greatest common divisor of 18954 and 26?
26
What is the highest common factor of 252 and 684?
36
What is the highest common factor of 16544 and 282?
94
Calculate the highest common divisor of 105 and 5817.
21
What is the highest common factor of 329 and 470?
47
Calculate the highest common factor of 3337 and 71.
71
Calculate the highest common divisor of 120 and 840.
120
What is the highest common factor of 11 and 1177?
11
What is the highest common divisor of 1326 and 312?
78
Calculate the greatest common factor of 17 and 1751.
17
Calculate the greatest common factor of 200 and 60.
20
What is the greatest common divisor of 4144 and 84?
28
Calculate the greatest common divisor of 3497 and 13.
13
What is the highest common factor of 576 and 9?
9
What is the highest common factor of 35 and 385?
35
What is the highest common divisor of 88 and 56?
8
What is the greatest common divisor of 71 and 11?
1
Calculate the highest common factor of 469 and 7.
7
Calculate the highest common factor of 4212 and 26.
26
Calculate the greatest common factor of 11 and 88.
11
Calculate the greatest common factor of 115 and 23.
23
What is the greatest common divisor of 414 and 90?
18
Calculate the greatest common divisor of 38 and 19.
19
Calculate the highest common factor of 140 and 224.
28
What is the highest common divisor of 306 and 18?
18
Calculate the greatest common factor of 135 and 28125.
45
Calculate the greatest common factor of 45 and 9.
9
What is the highest common divisor of 11536 and 112?
112
Calculate the greatest common divisor of 136 and 1003.
17
What is the highest common factor of 768 and 96?
96
Calculate the greatest common factor of 279 and 3813.
93
What is the highest common divisor of 917 and 7?
7
Calculate the greatest common factor of 77 and 231.
77
What is the highest common divisor of 2368 and 64?
64
Calculate the highest common divisor of 33 and 11.
11
What is the highest common divisor of 186 and 9362?
62
Calculate the highest common factor of 35 and 1015.
35
What is the highest common factor of 215 and 473?
43
Calculate the greatest common factor of 145 and 87.
29
What is the greatest common factor of 14 and 2282?
14
Calculate the greatest common divisor of 28 and 392.
28
What is the greatest common factor of 90 and 15525?
45
What is the greatest common factor of 5643 and 27?
27
What is the highest common divisor of 720 and 80?
80
Calculate the highest common divisor of 12632 and 8.
8
Calculate the greatest common divisor of 728 and 21.
7
What is the highest common divisor of 196 and 343?
49
What is the highest common factor of 3069 and 495?
99
What is the greatest common divisor of 14 and 3766?
14
Calculate the greatest common factor of 28 and 12.
4
What is the highest common factor of 8 and 92?
4
Calculate the greatest common divisor of 1449 and 1071.
63
Calculate the highest common factor of 47436 and 268.
268
Calculate the highest common factor of 1131 and 116.
29
Calculate the greatest common divisor of 21 and 259.
7
What is the greatest common divisor of 14 and 63?
7
What is the greatest common factor of 14030 and 920?
230
What is the highest common factor of 781 and 142?
71
What is the greatest common divisor of 162 and 474?
6
Calculate the highest common factor of 21 and 231.
21
Calculate the greatest common divisor of 1485 and 264.
33
What is the highest common factor of 187 and 11?
11
What is the greatest common divisor of 1976 and 416?
104
What is the highest common divisor of 116 and 4?
4
Calculate the greatest common factor of 174 and 406.
58
What is the greatest common factor of 252 and 6948?
36
What is the greatest common factor of 459 and 63?
9
What is the highest common divisor of 2354 and 506?
22
What is the greatest common divisor of 136 and 323?
17
What is the greatest common factor of 56 and 140?
28
What is the highest common divisor of 4490 and 10?
10
What is the greatest common divisor of 160 and 30?
10
Calculate the highest common divisor of 351 and 26.
13
Calculate the greatest common factor of 28 and 203.
7
What is the greatest common factor of 9150 and 1098?
366
What is the greatest common factor of 9 and 657?
9
What is the greatest common divisor of 396 and 36?
36
Calculate the highest common divisor of 154 and 91.
7
What is the highest common factor of 423 and 188?
47
What is the greatest common divisor of 116 and 145?
29
What is the greatest common factor of 4917 and 33?
33
What is the greatest common divisor of 1130 and 10?
10
What is the highest common divisor of 351 and 3744?
117
What is the greatest common divisor of 500 and 20?
20
Calculate the greatest common divisor of 156 and 1326.
78
What is the greatest common factor of 183 and 6?
3
Calculate the greatest common factor of 777 and 315.
21
What is the highest common divisor of 27 and 9?
9
What is the highest common divisor of 87 and 1624?
29
Calculate the greatest common divisor of 2 and 9.
1
Calculate the greatest common factor of 350 and 800.
50
What is the greatest common divisor of 5 and 695?
5
What is the greatest common factor of 4 and 1124?
4
Calculate the highest common factor of 31 and 434.
31
What is the greatest common divisor of 280 and 245?
35
Calculate the highest common factor of 246 and 6519.
123
Calculate the greatest common divisor of 132 and 36.
12
What is the highest common divisor of 22 and 121?
11
Calculate the highest common divisor of 737 and 67.
67
What is the highest common factor of 3157 and 14?
7
What is the highest common factor of 483 and 138?
69
Calculate the highest common divisor of 252 and 84.
84
Calculate the greatest common factor of 198 and 18.
18
What is the greatest common divisor of 301 and 1720?
43
Calculate the highest common factor of 205 and 1107.
41
Calculate the greatest common divisor of 22 and 198.
22
Calculate the greatest common factor of 40 and 5480.
40
Calculate the greatest common divisor of 3